{"id":61,"date":"2020-10-15T04:56:09","date_gmt":"2020-10-15T04:56:09","guid":{"rendered":"https:\/\/shop.brandan.ch\/?page_id=61"},"modified":"2023-05-19T06:46:58","modified_gmt":"2023-05-19T06:46:58","slug":"allgemeine-bedingungen","status":"publish","type":"page","link":"https:\/\/shop.brandan.ch\/index.php\/allgemeine-bedingungen\/","title":{"rendered":"Allgemeine Bedingungen"},"content":{"rendered":"<h4>Haftungsausschluss<\/h4>\n<p>Bitte beachten Sie, dass ich mich in keiner Weise auf medizinische Kenntnisse oder F\u00e4higkeiten berufe und ein Besuch bei mir <strong>in keinem Fall eine \u00e4rztliche Behandlung ersetzt<\/strong>. Es werden keine Diagnosen, Therapien und Behandlungen im medizinischen Sinne oder sonst HeiIkunde im gesetzlichen Sinne durchgef\u00fchrt. Die Arbeit mit den Heilmethoden, Heilaufstellungen und Kristallessenzen erfolgen auf ausdr\u00fccklichen Wunsch und eigenes Risiko des Kunden.<\/p>\n<p>&nbsp;<\/p>\n<p>Ich halte eine Zusammenarbeit mit Aerzten f\u00fcr wichtig. Daher soll eine laufende Behandlung nicht unter- bzw. abgebrochen, eine k\u00fcnftig notwendige Behandlung nicht hinausgeschoben oder ganz unterlassen werden. Medikamente sollen nur in Absprache mit dem behandelnden Arzt verringert oder abgesetzt werden.<\/p>\n<p>&nbsp;<\/p>\n<p>Ich weise expliziert darauf hin, dass ich nicht krankheitsorientiert in der Begrenzung eines Krankheitsbildes arbeite, sondern mich immer auf den gesunden Geist ausrichte. Alle Methoden und Seminare helfen dazu, die Selbstheilungskr\u00e4fte zu aktivieren und zu unterst\u00fctzen. Blockaden werden auf entsprechenden Energieebenen gel\u00f6st und es wird m\u00f6glich, die eigene innere Kraft f\u00fcr Heilung und Ausrichtung zu mobilisieren.<\/p>\n<p>&nbsp;<\/p>\n<h4>Seminare und Workshops<\/h4>\n<p>Die Anmeldung zu einem Seminar oder Workshop und die Teilnahme erfolgt\u00a0 auf eigenen Wunsch und eigenes Risiko. Ich nehme zur Kenntnis, dass sich die Seminare in keiner Weise auf medizinische Kenntnisse oder F\u00e4higkeiten basieren und eine Teilnahme in keinem Fall eine \u00e4rztliche Behandlung ersetzt. Es werden keine Diagnosen, Therapien und Behandlungen im medizinischen Sinne oder sonst HeiIkunde im gesetzlichen Sinne durchgef\u00fchrt.<\/p>\n<p>Ich bin damit einverstanden, dass die Versicherungen Sache des Teilnehmers sind und ich best\u00e4tige, versichert zu sein.<\/p>\n<p>Die Seminargeb\u00fchr ist vor Beginn des Seminares zu begleichen. Bei der Anmeldung ist eine Anmeldegeb\u00fchr von 300 Euro zu entrichten, die bei Nichtteilnahme oder Absagen als Stornogeb\u00fchr einbehalten wird. Wird von Seiten der Kursleitung das Seminar kurzfristig abgesagt, werden bereits bezahlte Geb\u00fchren umgehend zur\u00fcckgezahlt.<\/p>\n<p>Die energetischen Methoden und Seminare unterst\u00fctzen und aktivieren Ihre Selbstheilungskr\u00e4fte. Blockaden werden auf entsprechenden Energieebenen gel\u00f6st und es wird m\u00f6glich, die eigene innere Kraft f\u00fcr Heilung und Ausrichtung zu mobilisieren. Durch eine ausgeglichene und harmonische Energiestruktur erf\u00e4hrt man Wohlbefinden und innere und \u00e4u\u00dfere Gesundheit wird unterst\u00fctzt.<\/p>\n<p>&nbsp;<\/p>\n<p>&nbsp;<\/p>\n<h4>Spiele \/ B\u00fccher<\/h4>\n<p>&nbsp;<\/p>\n<p>Die Spiele und B\u00fccher unterliegen dem Copyright und Urheberrecht. Sie.sind nur f\u00fcr private Zwecke gedacht und d\u00fcrfen nicht kopiert und nicht f\u00fcr kommerzielle Zwecke verwendet werden.<\/p>\n<p>&nbsp;<\/p>\n<h4>Versandkosten<\/h4>\n<p>Versandkosten gehen immer zu Lasten des Bestellers. Sowohl beim Warenversand wie auch bei R\u00fccksendungen. Die pauschalen Versandspesen sind Unkostenbeitr\u00e4ge und sind bei jeder Bestellung geschuldet.<\/p>\n<p>&nbsp;<\/p>\n<h5>Versicherungen<\/h5>\n<p>Die Versicherung ist Sache des Klienten und von den Betreibern wird jegliche Haftung abgelehnt. Der Klient ist \u00a0damit einverstanden, dass die Versicherungen Sache des Teilnehmers sind und best\u00e4tigt, versichert zu sein.<\/p>\n<p>&nbsp;<\/p>\n<h5>Honorare \/ Seminargeb\u00fchren \/ Stornogeb\u00fchren<\/h5>\n<p>Die Bestellungen, Honorare und Seminargeb\u00fchren sind im voraus zu begleichen. Bei vereinbarten Stundens\u00e4tzen von Einzelsitzungen wird die erste Stunde immer voll berechnet.<\/p>\n<p>Die Bearbeitungsgeb\u00fchren f\u00fcr Bestellungen betragen 1\/3 des Bestellwertes, im Minimum jedoch 30 Euro. Die Stornogeb\u00fchren f\u00fcr Seminare und Workshops betragen 1\/3 des vereinbarten Honorars, in jedem Fall jedoch mindestens 300 Euro. Die Stornogeb\u00fchren f\u00fcr vereinbarte Termine betragen 1\/3 des vereinbarten Honorars, in jedem Fall jedoch mindestens 150 Euro. Die Stornogeb\u00fchren f\u00fcr Feng Shui Auftr\u00e4ge betragen 1\/3 des vereinbarten Honorars.<\/p>\n<p>&nbsp;<\/p>\n<h2>Buchungsbedingungen<\/h2>\n<p>&nbsp;<\/p>\n<h4>Teilnahmeberrechtigung<\/h4>\n<p>&nbsp;<\/p>\n<p>Eine Buchung gilt immer f\u00fcr das erste, nach dem Buchungszeitpunkt durchgef\u00fchrte Seminar oder Workshop. Eine \u00dcbertragung der Buchung auf einen sp\u00e4teren Zeitpunkt ist nur mit Absprache m\u00f6glich. Bei nicht im voraus abgesprochener Nicht-Teilnahme verf\u00e4llt die Buchung.<\/p>\n<p>&nbsp;<\/p>\n<h4>Stornogeb\u00fchr<\/h4>\n<p>&nbsp;<\/p>\n<p>Die Stornogeb\u00fchr betr\u00e4gt 30 % des Seminar- oder Workshop-Preises. In jedem Fall betr\u00e4gt sie jedoch mindestens 50 EUR\/CHF.<\/p>\n<p>&nbsp;<\/p>\n<h4>Bankspesen<\/h4>\n<p>Alle Spesen im Zusammenhang mit Einzahlungen und Verg\u00fctungen erfolgen zu Lasten des Kunden. Bestellungen, die Spesen f\u00fcr die Einzahlung nach sich ziehen, werden nicht ausgeliefert, bis diese Spesen beglichen sind. Alle Bearbeitungsgeb\u00fchren und pauschalen Versandkosten sind trotzdem geschuldet, da sie Vorbereitungen beinhalten.<\/p>\n<p>&nbsp;<\/p>\n<p>Alle Vereinbarungen unterstehen schweizerischem Recht.<\/p>\n<p>&nbsp;<\/p>\n<p>&nbsp;<\/p>\n","protected":false},"excerpt":{"rendered":"<p>Haftungsausschluss Bitte beachten Sie, dass ich mich in keiner Weise auf medizinische Kenntnisse oder F\u00e4higkeiten berufe und ein Besuch bei mir in keinem Fall eine \u00e4rztliche Behandlung ersetzt. Es werden keine Diagnosen, Therapien und Behandlungen im medizinischen Sinne oder sonst HeiIkunde im gesetzlichen Sinne durchgef\u00fchrt. Die Arbeit mit den Heilmethoden,&#8230;<\/p>\n<p class=\"continue-reading-button\"> <a class=\"continue-reading-link\" href=\"https:\/\/shop.brandan.ch\/index.php\/allgemeine-bedingungen\/\">weiter lesen<i class=\"crycon-right-dir\"><\/i><\/a><\/p>\n","protected":false},"author":1,"featured_media":0,"parent":0,"menu_order":0,"comment_status":"closed","ping_status":"closed","template":"","meta":{"footnotes":""},"class_list":["post-61","page","type-page","status-publish","hentry"],"_links":{"self":[{"href":"https:\/\/shop.brandan.ch\/index.php\/wp-json\/wp\/v2\/pages\/61","targetHints":{"allow":["GET"]}}],"collection":[{"href":"https:\/\/shop.brandan.ch\/index.php\/wp-json\/wp\/v2\/pages"}],"about":[{"href":"https:\/\/shop.brandan.ch\/index.php\/wp-json\/wp\/v2\/types\/page"}],"author":[{"embeddable":true,"href":"https:\/\/shop.brandan.ch\/index.php\/wp-json\/wp\/v2\/users\/1"}],"replies":[{"embeddable":true,"href":"https:\/\/shop.brandan.ch\/index.php\/wp-json\/wp\/v2\/comments?post=61"}],"version-history":[{"count":10,"href":"https:\/\/shop.brandan.ch\/index.php\/wp-json\/wp\/v2\/pages\/61\/revisions"}],"predecessor-version":[{"id":243,"href":"https:\/\/shop.brandan.ch\/index.php\/wp-json\/wp\/v2\/pages\/61\/revisions\/243"}],"wp:attachment":[{"href":"https:\/\/shop.brandan.ch\/index.php\/wp-json\/wp\/v2\/media?parent=61"}],"curies":[{"name":"wp","href":"https:\/\/api.w.org\/{rel}","templated":true}]}}